(s) = -3*m(s) + v(s). Let t = -78 + 81. Let n be h(t). What is the highest common divisor of 6 and n?
6
Suppose 5*b = -4*x + 105, -b - 3*x = 3*b - 85. Let g = b + -10. Let o = 9 + -6. Calculate the greatest common factor of o and g.
3
Let j be 2 + 0 + 232/4. Calculate the highest common divisor of j and 24.
12
Suppose 17 = v - 3*z, -5*z = -3*z + 2. Let m(g) = -3 - 2 + 1 - 2*g. Let c be m(-3). Calculate the highest common divisor of v and c.
2
Let k(m) = 15*m - 6. Let i be k(2). Calculate the greatest common divisor of i and 16.
8
Let f = 7 - 5. Suppose 30 = 3*b - 5*t, -3*b = 3*t - f*t - 30. What is the greatest common factor of 40 and b?
10
Let c be (10 - 77)/((-10)/(-6) + -2). What is the highest common factor of 67 and c?
67
Let z be 2/(-4) - 145/(-2). Let l = 17 + 1. Calculate the greatest common factor of z and l.
18
Let c = -43 + 49. Calculate the greatest common divisor of 6 and c.
6
Let h be (-4)/2 - (1 - 12). Let x be (-174 - 6)*(-1 + -1). Let l be ((-2)/(-5))/(4/x). What is the greatest common factor of l and h?
9
Let p(j) = -16*j**3 + j**2 + 2*j + 1. Let k be p(-1). Let i be k - 0/(-2 - -5). Suppose -i - 4 = -2*f. What is the highest common divisor of 4 and f?
2
Let x(i) = -i + 4. Let k be x(0). Let q be 60/(-8)*k/(-6). Calculate the greatest common divisor of q and 40.
5
Suppose 2*j = 3*j + 13. Let h be 4/1 - 1*j. Calculate the highest common factor of h and 68.
17
Suppose g + 2*o - 6 = 0, o - 23 = -0*g - 3*g. Let y = 222 - 121. Suppose l = y - 13. What is the highest common factor of g and l?
8
Let u be -9*(-9 + 1 - 3). Let x = -41 - -74. What is the highest common divisor of x and u?
33
Let t be (-4)/(-3) - 2/(-3). Let x = 2 + t. Suppose -2*w + 11 = -x*u + 39, -4*w = 5*u - 9. What is the highest common divisor of 5 and u?
5
Let y be 418/5 + 2/5. Let n be (-124)/(-14) - (-12)/y. Calculate the highest common factor of n and 36.
9
Suppose -5*o + o - 2*i + 174 = 0, 0 = o - 3*i - 54. Suppose -3*x + o = -0. What is the greatest common factor of x and 5?
5
Let w = -12 - -27. Calculate the greatest common factor of w and 30.
15
Let l be (-1 - (-4)/2)*7. Suppose 0 = -2*u + v + l, 16 = 5*u - 4*v + 3*v. Let i be (6 + -9)*8/(-1). Calculate the greatest common factor of u and i.
3
Let y be (-4)/12*117/(-3). What is the highest common divisor of y and 13?
13
Let y be 4/(-6) + (-2)/6. Let a be 1*y + 30/2. What is the highest common divisor of 35 and a?
7
Suppose -4*h = 5*v - 795, 2*v = -2*h + 390 + 6. Suppose -q = -j + 66, -3*j + q = -q - h. What is the greatest common factor of 9 and j?
9
Let y(a) = 2*a**2 - 6*a - 2. Let q be (2 + (-10)/4)*-10. Let b be y(q). What is the highest common factor of 45 and b?
9
Suppose -6 = -m - 80. Let o be 1/(-1)*m - -1. Let c be -2 + (19 - 1) - 1. What is the highest common divisor of c and o?
15
Let r = -17 - -14. Let s be (-123 + -2 + r)/(-1). Calculate the greatest common factor of s and 16.
16
Let f(i) = -6*i - 3. Let z be f(-3). Suppose -5*c = -c - 308. Let y = c - 2. Calculate the highest common factor of z and y.
15
Let o be -1 + (1 - 2)/(1/(-5)). What is the greatest common factor of o and 44?
4
Let o be (-1 - 10/(-4))*(-5200)/(-78). Calculate the highest common divisor of 25 and o.
25
Suppose 3*m + 66 = 3*q, -3*q + 38 = m - 40. Let z(y) = y**2 - 6*y + 5. Let u be z(6). Calculate the highest common factor of q and u.
5
Let y = -48 - -53. What is the greatest common divisor of y and 55?
5
Let o(t) = -t**3 + 6*t**2 + 2. Let s be o(6). Suppose 0*d = -s*d + 180. Let q = -8 - -18. Calculate the greatest common factor of d and q.
10
Suppose 33 - 6 = 9*w. What is the greatest common factor of w and 4?
1
Let d = -16 + -12. Let a = d + 103. What is the greatest common divisor of a and 15?
15
Let x = -60 + -8. Let i be (-2)/(-11) - 365/11. Let c be x/(-11) - (-6)/i. Calculate the highest common factor of 18 and c.
6
Let z = 12 - 7. Suppose -z*o + 1 = -24. Let m = o + -3. Calculate the greatest common divisor of m and 2.
2
Let j be 265/(-10)*(-4 - (1 + -3)). What is the greatest common factor of 371 and j?
53
Let k(p) = 12*p**2 - 3*p + 2. Let b be k(1). What is the highest common divisor of b and 33?
11
Let w(a) = -a - 1. Let n be w(-3). Let p be (-44)/(-33)*3/n. What is the greatest common divisor of p and 12?
2
Let b = -110 + 156. Calculate the highest common factor of 23 and b.
23
Let v = 22 + -16. What is the greatest common divisor of 3 and v?
3
Suppose 0 = -3*u + 2*h + 34, h - 27 = -3*u - 8. Let v be 3/(-12) - (-3 + 1364/(-16)). Calculate the greatest common factor of v and u.
8
Let b = 8 - 8. Suppose b*m - 2*m + 36 = 0. Suppose 0 = -w - w + 12. Calculate the greatest common factor of w and m.
6
Let y(u) = 8*u - 9. Let i be y(8). Let z be -1 - (0 + -2 + 0). Let b be -1 + i + z + 1. Calculate the highest common factor of 7 and b.
7
Let k be (-36)/(-2)*2/3. Let b be 3*k/4*1. What is the greatest common factor of b and 72?
9
Let s be ((-180)/8)/((-3)/(-6)). Let p be (-10)/s - (-1942)/9. Calculate the greatest common divisor of 27 and p.
27
Suppose 5*y - 198 = 27. Calculate the highest common factor of 5 and y.
5
Let b be (-2)/(-2*(-2)/(-10)). Let a = b + 0. Suppose -a = -3*s + 13. What is the greatest common divisor of 3 and s?
3
Let f be 1 + 1 + -4 - -3. Suppose 13 = 3*n + f. Let h(r) = -6*r - 6. Let u be h(-3). Calculate the greatest common factor of n and u.
4
Let y(o) = -o**3 - 3*o**2 - 2*o - 1. Let j = -6 + 3. Let k be y(j). Suppose 2*q - 4*q = -30. What is the highest common factor of q and k?
5
Let s be 27/5 + (-8)/20. Suppose 0 = s*d + t - 0*t - 730, -3*d = 5*t - 460. Let h = d - 80. What is the greatest common divisor of 26 and h?
13
Suppose 4*j = -j + 80. What is the highest common divisor of 16 and j?
16
Let b be (-1)/(-1) - (1 - 165). Let v(r) = r**3 + 3*r**2 + 1. Let d be v(-4). Let t be (d*(-2 - -1))/1. What is the greatest common factor of b and t?
15
Let y = 2 - -3. Let k(w) = w**3 - 2*w**2 - 4*w. Let s be k(5). Calculate the greatest common divisor of s and y.
5
Suppose z + 3*z = 40. Let l be ((-84)/z)/((-1)/10). What is the greatest common factor of 12 and l?
12
Suppose 11*x = 1649 - 505. Calculate the highest common divisor of 13 and x.
13
Let f(s) = -s**2 + 10*s + 5. Let h be f(10). Suppose 8*n = 3*n + 4*m + 263, -3*m = -5*n + 266. Calculate the highest common divisor of h and n.
5
Let v(d) = -8*d - 35. Let c be v(-16). What is the greatest common divisor of c and 31?
31
Suppose -4*p + 69 = 5*d, -3*p - 4*d + 9*d + 43 = 0. Let t(m) = 50*m + 10. Let o be t(-5). Let l = -64 - o. Calculate the highest common divisor of p and l.
16
Let r(w) = -w**3 + 12*w**2 + 14*w - 3. Let o be r(13). Calculate the highest common divisor of o and 80.
10
Let r be (-207)/(-21) - (-7)/49. What is the greatest common factor of r and 70?
10
Let k be 65/25 - (-3)/(-5). Let n = 14 + k. Suppose 4 = -y + n. What is the greatest common divisor of 30 and y?
6
Let r(t) = -t**3 - 3*t**2 - 2*t - 1. Let u be r(-3). Suppose u*b - 563 - 482 = 0. Calculate the greatest common factor of 19 and b.
19
Let b = -41 - -55. Calculate the highest common factor of 77 and b.
7
Let m(l) be the first derivative of 3*l**2 - 6*l + 2. Let p be m(5). Let h = -11 - -27. Calculate the greatest common divisor of p and h.
8
Let n(i) = -i**3 + 11*i**2 - 11*i + 11. Let j be n(10). Let c = j - -1. Calculate the greatest common divisor of 5 and c.
1
Suppose f + 4*p + 158 = 3*f, -3*p - 84 = -f. What is the highest common divisor of 23 and f?
23
Let v be (-2)/6*150/(-10). Suppose -v = -6*l + l. Let c = -2 - -5. What is the highest common divisor of c and l?
1
Let h(s) = s**2 - 115. Let g be h(0). Let v = 179 + g. What is the highest common factor of 8 and v?
8
Let k = -707 - -1015. What is the greatest common divisor of 28 and k?
28
Let a be 118/3 + 2/3. What is the highest common divisor of a and 5?
5
Suppose -2*f + 6*f + 28 = 4*y, -5*f - 20 = -2*y. Let w be -6*(165/(-9))/y. What is the greatest common factor of w and 198?
22
Suppose 5*v - 249 = -3*p, 5*v - 250 = 5*p - 25. Suppose -5*u = -44 + 14. What is the highest common divisor of u and v?
6
Let v be (14/8)/(3/60). What is the highest common factor of v and 245?
35
Let r(m) = 7*m**2 + m. Let p be r(2). Calculate the greatest common divisor of 15 and p.
15
Let b be 544/7 + -6 + 396/63. What is the